{"id":372,"date":"2015-03-23T07:38:56","date_gmt":"2015-03-23T07:38:56","guid":{"rendered":"http:\/\/calimero-ristorante.de\/de\/?page_id=372"},"modified":"2025-10-06T17:51:37","modified_gmt":"2025-10-06T15:51:37","slug":"mittagsmenues","status":"publish","type":"page","link":"https:\/\/calimero-ristorante.de\/de\/mittagsmenues\/","title":{"rendered":"Mittagsmen\u00fc"},"content":{"rendered":"\r\n<h1 class=\"has-text-align-center wp-block-heading\" style=\"text-align: center;\"><strong>mittagsmen\u00fc &#8211; <\/strong>wechselt regelm\u00e4\u00dfig<\/h1>\r\n\r\n\r\n\r\n<h5 class=\"has-text-align-center wp-block-heading\" style=\"text-align: center;\">dienstag \u2013 freitag von 11.30 \u2013 14.00<br>(au\u00dfer an feiertagen)<br><br>unsere unten aufgef\u00fchrten mittagsgerichte k\u00f6nnen nicht ver\u00e4ndert werden und gelten nur in dieser version.<br><br><br><\/h5>\r\n\r\n\r\n\r\n<p>&nbsp;<\/p>\r\n","protected":false},"excerpt":{"rendered":" mittagsmen\u00fc &#8211; wechselt regelm\u00e4\u00dfig dienstag \u2013 freitag von 11.30 \u2013 14.00(au\u00dfer an feiertagen) unsere unten aufgef\u00fchrten mittagsgerichte k\u00f6nnen nicht","protected":false},"author":3,"featured_media":0,"parent":0,"menu_order":0,"comment_status":"closed","ping_status":"open","template":"templates\/dynamic-menu-mittagstischmenu-template.php","meta":{"ngg_post_thumbnail":0,"footnotes":""},"class_list":["post-372","page","type-page","status-publish","hentry"],"_links":{"self":[{"href":"https:\/\/calimero-ristorante.de\/de\/wp-json\/wp\/v2\/pages\/372","targetHints":{"allow":["GET"]}}],"collection":[{"href":"https:\/\/calimero-ristorante.de\/de\/wp-json\/wp\/v2\/pages"}],"about":[{"href":"https:\/\/calimero-ristorante.de\/de\/wp-json\/wp\/v2\/types\/page"}],"author":[{"embeddable":true,"href":"https:\/\/calimero-ristorante.de\/de\/wp-json\/wp\/v2\/users\/3"}],"replies":[{"embeddable":true,"href":"https:\/\/calimero-ristorante.de\/de\/wp-json\/wp\/v2\/comments?post=372"}],"version-history":[{"count":114,"href":"https:\/\/calimero-ristorante.de\/de\/wp-json\/wp\/v2\/pages\/372\/revisions"}],"predecessor-version":[{"id":630,"href":"https:\/\/calimero-ristorante.de\/de\/wp-json\/wp\/v2\/pages\/372\/revisions\/630"}],"wp:attachment":[{"href":"https:\/\/calimero-ristorante.de\/de\/wp-json\/wp\/v2\/media?parent=372"}],"curies":[{"name":"wp","href":"https:\/\/api.w.org\/{rel}","templated":true}]}}

Mittagsmenü

<h1 class="has-text-align-center wp-block-heading" style="text-align: center;"><strong>mittagsmenü &#8211; </strong>wechselt regelmäßig</h1>



<h5 class="has-text-align-center wp-block-heading" style="text-align: center;">dienstag – freitag von 11.30 – 14.00<br>(außer an feiertagen)<br><br>unsere unten aufgeführten mittagsgerichte können nicht verändert werden und gelten nur in dieser version.<br><br><br></h5>



<p>&nbsp;</p>

mittagsmenü &#8211; wechselt regelmäßig dienstag – freitag von 11.30 – 14.00(außer an feiertagen) unsere unten aufgeführten mittagsgerichte können nicht
